-3))?
-14
-14 - (-1 + -25 + (173 - 188))
27
-12 + (-2 - -15) + -12
-11
Evaluate 1 + 7 + -2 + 36 + -41 - 7.
-6
-3 - (1 - -3) - (0 + -13)
6
What is the value of 16 - (8 + -1 + 5)?
4
What is the value of 9 - (22 - 3 - -5 - 9 - -9)?
-15
What is the value of (-3 + -3 + 4 + 4 - 4) + -2?
-4
Evaluate 12 + -13 + 29 + -31.
-3
Calculate -15 + (8 + 6 - 14).
-15
Calculate (-10 - -4 - (6 - -10)) + (27 - 21).
-16
Evaluate 1 - (-4 + 2 - (-3 + -4)).
-4
Evaluate 14 + 4 + -24 - 15.
-21
What is the value of (13 - (33 + -15 + -13)) + 0 + -8?
0
What is the value of (3 - (-19 - (-5 - 10))) + 8?
15
Evaluate -3 - 2 - (-7 + -3 + 10 - -28).
-33
What is the value of 0 + (-7 - -10 - (-9 - -14))?
-2
What is 5 + (-15 - (2 + (-2 + -4 - -10)))?
-16
6 + 30 + -25 - (0 + -1)
12
Evaluate -14 - -23 - 25 - -7.
-9
What is the value of 180 + -135 + (2 - 24)?
23
Calculate (2 - (4 - 0)) + 9 - (9 - 10).
8
What is the value of -2 + 20 + -10 + -17 + -10?
-19
What is 0 + -1 + -1 + 0 + 0 + -3?
-5
What is -7 + (-1 - 2 - -6) - (-6 + 3)?
-1
What is 3 + 8 - (-4 - -9 - -2)?
4
Calculate -30 + (3 - 12) + 22.
-17
What is the value of 37 + -2 + (95 - 161)?
-31
Calculate (-60 - (-135 + 87)) + 11 + -1.
-2
Calculate 27 + -8 + 11 + 1 + -9.
22
Calculate (-18 - (-37 + 30)) + 37.
26
Evaluate -3 + 2 + (1346 - 1326).
19
-50 + 3 + 53 + (-33 - (1 + 0))
-28
What is the value of -13 - ((64 - 33 - 37) + 0 + 6)?
-13
Evaluate 9 + (9 + -2 + 36 + -46 - -3).
9
Evaluate 12 + -4 + (-6 - -4) - 13 - 0.
-7
What is the value of 15 + 1 - 10 - 18?
-12
Calculate 6 - ((-15 - -21) + (2 - 10)).
8
Evaluate -10 + 2 + 6 + -10 + 9 + 24.
21
15 + -11 - (2 + -18)
20
What is (0 - 13) + (201 - 179)?
9
3 + -18 + 1 + 7 + 1
-6
What is the value of -50 + 63 + -6 + (5 - 5)?
7
What is the value of 0 - -2 - (4 + -10 + 29 + -24)?
3
What is the value of (281 - 279) + 19 + 4?
25
What is -1 + (2 - 7) - -9 - -6?
9
Calculate 5 + (1 - 3) - (-3 - -6).
0
Calculate 7 + -1 + (9 - 13) - 32.
-30
Calculate -23 + (-15 - (-8 + -21)).
-9
Calculate 1 + 6 + -8 - (-12 + (-8 - -23)).
-4
What is 67 + -21 + -5 + -40?
1
What is the value of 38 + (-1938 - -1934) + (-5 - -1) + -1?
29
What is (2 - 11 - (-3 - (1 + 0))) + 24?
19
-3 + 9 - (-2 + 13)
-5
What is -55 - (35 - (96 + -37))?
-31
-2 + 3 + -11 + 15 + 5 + -27
-17
Calculate (-21 - -43 - 12) + -44.
-34
Evaluate 6 + (-2 - -3) + 2 + 34 + -72.
-29
What is the value of -13 - (7 + (-5 - 19))?
4
-7 + (-3 - -2) - (-3 - 10)
5
Calculate -25 + 27 + (2 - (0 - -3)).
1
Calculate -3 + 4 - (0 - -4).
-3
What is the value of 11 + -48 + (-5 - -19) + -1?
-24
Calculate -2 - ((-8 - -23) + -14).
-3
Calculate 7 + (1 - 10) + -4 + 2.
-4
Evaluate 4 + (4 - 2) + -9 + 6.
3
What is (-37 - -37) + -10 - (-3 + 5 - 4)?
-8
Evaluate 13 - (-15 - -9 - -14).
5
What is the value of (-3 + 8 - (4 - 9)) + -57 + 26?
-21
Calculate 12 + -4 + 14 + -17.
5
-32 - -63 - 31 - 37
-37
What is the value of -7 + 21 + -9 - (-2 - (-5 - -12))?
14
What is the value of 0 + -5 + -13 + 18?
0
Calculate 10 + (-12 - -3 - -3 - 5) - -36.
35
Calculate -8 - 7 - (3 + (16 - 11)).
-23
What is (9 - 2) + 4 + -13 + -8 + 1?
-9
(1 - (0 - -2)) + -4 - (8 + -7)
-6
What is the value of 17 + (-7 - 5) + 4 - 11?
-2
Calculate (9 - 14 - -9) + 7 + -9.
2
Evaluate 3 + 1 + 43 + -18 + -13.
16
What is the value of -24 - (20 - 58 - -5)?
9
Evaluate -9 + 2 - (47 - 58).
4
-16 + -13 + -5 + 1
-33
Evaluate -3 - (9 + -28 + -18).
34
(12 - (-8 - -26)) + 22
16
Evaluate -231 + 209 + (6 - 3).
-19
Evaluate -1 + -1 - (8 + 0 + -23 - -9).
4
What is 83 + -38 + (-9 - 6)?
30
Evaluate (3 + 11 - -2) + -22.
-6
Evaluate -10 + (0 - 15 - -13) + 36.
24
What is -9 - -2 - (-227 + 228)?
-8
Calculate 6 + -12 + 19 - (2 - (-8 + 4)).
7
Evaluate -5 + -7 + 16 + 9.
13
Evaluate -4 - -1 - ((-33 - (-9 + -3)) + 9).
9
Evaluate 35 + (-7 - 44) - -2.
-14
What is -34 - (-7 + 2) - -19?
-10
Evaluate 10 + (26 - (-6 + 44)).
-2
-5 + 8 - (-1 - -11) - (2 + 1)
-10
Calculate (64 - (-34 - -82)) + (-1 - 18).
-3
34 + (-8 - 11) + (0 - 8)
7
What is (-9 - (3 - (-6 - -8 - -4))) + -3?
-9
What is (25 + -20 - (23 + -1)) + 7?
-10
Evaluate 8 + -6 + -22 + 1 + 5 + 9.
-5
Evaluate 22 + -4 + (100 - 92).
26
What is the value of 1 + (2 - -3) + -28 + 31?
9
-7 - (26 - 19) - ((-1 - -2) + -5)
-10
Calculate 17 + (-17 - -4) + -1 + -20.
-17
What is -9 + 13 + -7 + 8?
5
What is (3 - (-3 + 2)) + 18 + -12 + -21?
-11
What is (-13 - -2) + (-20 - -39)?
8
What is the value of (15 - 1 - 9) + 8?
13
Evaluate 9 - (2 - -6) - -2 - (1 + 9).
-7
Calculate (-6 + 2 - -2) + (-29 - -25) + 15.
9
(-1 - (-2 - 5)) + (-163 - -168)
11
(-5 - (0 + 1)) + (-22 - 1 - -21)
-8
What is the value of 11 - 24 - (4 - (4 - 2) - 3)?
-12
Calculate -4 - -1 - (9 - (-9 - -10)).
-11
What is the value of 19 + -2 + -7 + -24 + 6?
-8
What is (56 - 31) + (-11 - 1)?
13
Evaluate -20 + (34 - -8) - 7.
15
What is 6 + (-8 + 3 - (21 - 3))?
-17
What is the value of -2 - (-23 + 15 + 0 - -2)?
4
What is the value of 7 - (10 - (2 + -7 + (3 - -6)))?
1
(4 - 16 - -5) + (-9 - -3)
-13
What is -39 + 46 + -3 + -1 + 3 - 16?
-10
Calculate 0 - 0 - (-14 + (8 - -12)) - -22.
16
What is 24 - (-6 + 5) - (1 + -6 - -1)?
29
Evaluate -540 - -556 - (-3 - (5 + 2)).
26
Calculate 2 - (-9 - (-21 + 28)).
18
What is 34 + 23 + (-2 - 83)?
-28
What is the value of (-389 - -415) + (-36 - 1)?
-11
Evaluate -1 + (2 + 3 - (24 + -29)).
9
Calculate (2 - -3 - 7) + -5 + 8 + 24.
25
Calculate -13 - (-3 - -4 - (-13 + 4 + 17)).
-6
Evaluate 24 + -28 - (1 - 7).
2
Evaluate (-2 - -5 - -26) + (-237 - -231).
23
What is (-11 - 16) + 7 + 17?
-3
What is the value of 21 + 2 - (-70 - -104)?
-11
What is the value of (-8 - -21) + -3 + (5 + -6 - -4)?
13
Calculate -5 - (12 + -10) - (1 + -6).
-2
Calculate 12 + (-23 - 13) + 21.
-3
Evaluate 10 + -18 - 5 - (-4 - (-1 - -4)).
-6
What is the value of 359 - 330 - (-5 + -2 + 2 + -1)?
35
What is (32 - 20) + 3 - 0?
15
What is 40 - 0 - 1 - (-775 - -778) - 6?
30
Calculate -325 + 333 - (-1 + 1 + -1 + 16).
-7
What is the value of -1 + -6 - (10 + 1 + -14)?
-4
Calculate -17 + -16 + (17 - -6).
-10
What is the value of -25 + -28 + 35 + 6 + (-1 - 0)?
-13
1 - 4 - (10 + -59 + -16 + 28)
34
-3 + -4 + 3 - (7 - 2)
-9
What is (-1 - (8 - (-5 - -2))) + 7?
-5
What is (10 - 5) + -15 - (-21 - 1)?
12
-58 + 32 - -28 - 18
-16
-5 - (-20 - 1) - (5 + 3)
8
Calculate (38 - 25) + 0 - (0 + -7).
20
-3 - (-5 + -2 - -2 - 3) - 12
-7
What is (-36 - -42) + (22 - 10)?
18
Evaluate -9 + 13 - -13 - -14.
31
Calculate 0 - 29 - (-655 - -627).
-1
(-3 - 1) + (-4 - -7 - -16)
15
-10 - (-10 - (-5 + 4 + -8 - 19))
-28
Evaluate -14 + (30 - 18) + -3.
-5
Calculate 4 + -9 + (-9 - 2) + (-10 - -12).
-14
What is the value of (17 - -3) + -4 + -3?
13
Evaluate 3 + (-8 - 22) + 12.
-15
What is the value of -3 + -2 + (1 - 4) + 12 + 20?
24
Calculate 8 + (-28 - 1 - (14 + -8)).
-27
Calculate (0 - (2 - 2)) + 18 + -21 + 11.
8
Calculate 2 + 1 + 6 + 2 + -6 + -26.
-21
Evaluate 21 + (12 + -3 - 44).
-14
Evaluate (-4 - -1) + -12 + (-73 - -91).
3
Evaluate -4 + (4 - 4) - -4 - -12.
12
Evaluate -19 - -42 - 21 - 21.
-19
What is -3 + (0 - 2) + 31 - (68 + -59)?
17
Calculate -28 - -2 - (33 - 43).
-16
What is the value of -6 - (-4 + 0 + 18 + 2)?
-22
Calculate 2 + 4 - (21 - 10).
-5
What is (-4 - 0 - 4) + 3 + -22 + 21?
-6
Evaluate -8 + (0 - 0) + -1 + (35 - 36).
-10
1 - 1 - (-6 - (1 - 2)) - -8
13
Calculate 17 - (-33 + (64 - 40)).
26
Evaluate -1 - (-29 - (-5 + 7 + -3 + -5)).
22
Evaluate -3 - -1 - 7 - (-30 + (34 - -7)).
-20
Evaluate -1 - (6 + -3) - (-44 + 68).
-28
Evaluate 8 + -3 + (-13 - (3 - 12)).
1
Calculate 14 + 2 + 14 + -17 + 10.
23
What is 13 + 52 + -69 - (1 + -1 - 4)?
0
What is the value of 1 + (-12 - 0) - (15 - (72 - 8))?
38
What is the value of 5 + -12 + -2 - -5?
-4
What is 8 - (-7 - 8 - -30)?
-7
Evaluate 8 + -4 + -8 - -16.
12
What is 13 + (-5 - -1 - (19 - (25 + 1)))?
16
Evaluate 16 + 45 + -59 + (1 - (-6 - 0)).
9
What is the value of 7 + -1 - (-407 + 420)?
-7
Calculate -850 - -849 - (3 + -2 - -19).
-21
What is the value of 18 + -11 + (-13 - 3)?
-9
Calculate -5 + (-1 - 0) - (60 + -44).
-22
Evaluate 5 + (5 + -1 - (-94 - -105)).
-2
-9 + -20 + 38 - -8
17
What is the value of -11 - 3 - ((5 - -15) + -2)?
-32
What is 9 + 1 - (-55 + (7 - -38))?
20
What is 79 - 79 - (3 - -6)?
-9
Calculate (-13 - (5 + 1)) + -3 + 5 + 2.
-15
What is 53 + -67 - (0 + 1 + -7 + -2)?
-6
What is -20 + (-8 - (-1 - -7 - (-23 + 42)))?
-15
What is -7 + -5 + (-3 - 3) + 7 + 2?
-9
-1 